{"id":2,"date":"2022-06-13T15:16:38","date_gmt":"2022-06-13T15:16:38","guid":{"rendered":"https:\/\/ministeredelapaix.click\/?page_id=2"},"modified":"2023-04-24T11:29:41","modified_gmt":"2023-04-24T11:29:41","slug":"sample-page","status":"publish","type":"page","link":"https:\/\/ministeredelapaix.click\/index.php\/sample-page\/","title":{"rendered":"Pourquoi ce site ?"},"content":{"rendered":"\n<p class=\"has-medium-font-size\"><mark style=\"background-color:#ffffff\" class=\"has-inline-color has-vivid-cyan-blue-color\">L&rsquo;humanit\u00e9 se tient devant un pr\u00e9cipice. Nous n&rsquo;avons aucune id\u00e9e de ce que nous allons devenir. \u00c9cologiquement, l&rsquo;incertitude grandit parce que chaque aspect du mod\u00e8le de pens\u00e9e et de vie dominant est en train de d\u00e9truire les conditions de la vie sur Terre. L&rsquo;\u00e9rosion et l&rsquo;extinction des esp\u00e8ces, la destruction des sols et de l&rsquo;eau, et le chaos climatique, sont en train de d\u00e9truire les conditions n\u00e9cessaires \u00e0 la perp\u00e9tuation de nos vies comme membres de la communaut\u00e9 terrienne.<\/mark><\/p>\n\n\n\n<p><\/p>\n\n\n\n<p>Vandana Shiva,<\/p>\n\n\n\n<p>\u00c9crivaine et militante f\u00e9ministe et \u00e9cof\u00e9ministe indienne<sup><a href=\"https:\/\/fr.wikipedia.org\/wiki\/Vandana_Shiva#cite_note-lemonde-1\"><\/a><\/sup>.<\/p>\n\n\n\n<p>Les derniers articles  :<\/p>\n\n\n<ul class=\"wp-block-latest-posts__list wp-block-latest-posts\"><li><a class=\"wp-block-latest-posts__post-title\" href=\"https:\/\/ministeredelapaix.click\/index.php\/2023\/04\/24\/modele-de-regles-simples-pour-un-space-twitter\/\">Mod\u00e8le de r\u00e8gles simples pour un space Twitter<\/a><\/li>\n<li><a class=\"wp-block-latest-posts__post-title\" href=\"https:\/\/ministeredelapaix.click\/index.php\/2023\/04\/24\/les-bonnes-pratiques\/\">Les bonnes pratiques<\/a><\/li>\n<li><a class=\"wp-block-latest-posts__post-title\" href=\"https:\/\/ministeredelapaix.click\/index.php\/2023\/04\/23\/les-phrases-redflag\/\">Les Phrases #RedFlag<\/a><\/li>\n<li><a class=\"wp-block-latest-posts__post-title\" href=\"https:\/\/ministeredelapaix.click\/index.php\/2022\/06\/13\/hello-world\/\">Bient\u00f4t une nouvelle mani\u00e8re de cr\u00e9er du lien<\/a><\/li>\n<\/ul>","protected":false},"excerpt":{"rendered":"<p>L&rsquo;humanit\u00e9 se tient devant un pr\u00e9cipice. Nous n&rsquo;avons aucune id\u00e9e de ce que nous allons devenir. \u00c9cologiquement, l&rsquo;incertitude grandit parce [&hellip;]<\/p>\n","protected":false},"author":1,"featured_media":0,"parent":0,"menu_order":0,"comment_status":"closed","ping_status":"open","template":"","meta":{"footnotes":""},"class_list":["post-2","page","type-page","status-publish","hentry"],"yoast_head":"<!-- This site is optimized with the Yoast SEO plugin v27.4 - https:\/\/yoast.com\/product\/yoast-seo-wordpress\/ -->\n<title>Pourquoi ce site ? - Le minist\u00e8re de la paix<\/title>\n<meta name=\"robots\" content=\"index, follow, max-snippet:-1, max-image-preview:large, max-video-preview:-1\" \/>\n<link rel=\"canonical\" href=\"https:\/\/ministeredelapaix.click\/index.php\/sample-page\/\" \/>\n<meta property=\"og:locale\" content=\"fr_FR\" \/>\n<meta property=\"og:type\" content=\"article\" \/>\n<meta property=\"og:title\" content=\"Pourquoi ce site ? - Le minist\u00e8re de la paix\" \/>\n<meta property=\"og:description\" content=\"L&rsquo;humanit\u00e9 se tient devant un pr\u00e9cipice. Nous n&rsquo;avons aucune id\u00e9e de ce que nous allons devenir. \u00c9cologiquement, l&rsquo;incertitude grandit parce [&hellip;]\" \/>\n<meta property=\"og:url\" content=\"https:\/\/ministeredelapaix.click\/index.php\/sample-page\/\" \/>\n<meta property=\"og:site_name\" content=\"Le minist\u00e8re de la paix\" \/>\n<meta property=\"article:modified_time\" content=\"2023-04-24T11:29:41+00:00\" \/>\n<meta name=\"twitter:card\" content=\"summary_large_image\" \/>\n<meta name=\"twitter:label1\" content=\"Dur\u00e9e de lecture estim\u00e9e\" \/>\n\t<meta name=\"twitter:data1\" content=\"1 minute\" \/>\n<script type=\"application\/ld+json\" class=\"yoast-schema-graph\">{\"@context\":\"https:\\\/\\\/schema.org\",\"@graph\":[{\"@type\":\"WebPage\",\"@id\":\"https:\\\/\\\/ministeredelapaix.click\\\/index.php\\\/sample-page\\\/\",\"url\":\"https:\\\/\\\/ministeredelapaix.click\\\/index.php\\\/sample-page\\\/\",\"name\":\"Pourquoi ce site ? - Le minist\u00e8re de la paix\",\"isPartOf\":{\"@id\":\"https:\\\/\\\/ministeredelapaix.click\\\/#website\"},\"datePublished\":\"2022-06-13T15:16:38+00:00\",\"dateModified\":\"2023-04-24T11:29:41+00:00\",\"breadcrumb\":{\"@id\":\"https:\\\/\\\/ministeredelapaix.click\\\/index.php\\\/sample-page\\\/#breadcrumb\"},\"inLanguage\":\"fr-FR\",\"potentialAction\":[{\"@type\":\"ReadAction\",\"target\":[\"https:\\\/\\\/ministeredelapaix.click\\\/index.php\\\/sample-page\\\/\"]}]},{\"@type\":\"BreadcrumbList\",\"@id\":\"https:\\\/\\\/ministeredelapaix.click\\\/index.php\\\/sample-page\\\/#breadcrumb\",\"itemListElement\":[{\"@type\":\"ListItem\",\"position\":1,\"name\":\"Accueil\",\"item\":\"https:\\\/\\\/ministeredelapaix.click\\\/\"},{\"@type\":\"ListItem\",\"position\":2,\"name\":\"Pourquoi ce site ?\"}]},{\"@type\":\"WebSite\",\"@id\":\"https:\\\/\\\/ministeredelapaix.click\\\/#website\",\"url\":\"https:\\\/\\\/ministeredelapaix.click\\\/\",\"name\":\"Le minist\u00e8re de la paix\",\"description\":\"La libert\u00e9 d&#039;expression s&#039;arr\u00eate \u00e0 celle qu&#039;on ne permet pas\",\"potentialAction\":[{\"@type\":\"SearchAction\",\"target\":{\"@type\":\"EntryPoint\",\"urlTemplate\":\"https:\\\/\\\/ministeredelapaix.click\\\/?s={search_term_string}\"},\"query-input\":{\"@type\":\"PropertyValueSpecification\",\"valueRequired\":true,\"valueName\":\"search_term_string\"}}],\"inLanguage\":\"fr-FR\"}]}<\/script>\n<!-- \/ Yoast SEO plugin. -->","yoast_head_json":{"title":"Pourquoi ce site ? - Le minist\u00e8re de la paix","robots":{"index":"index","follow":"follow","max-snippet":"max-snippet:-1","max-image-preview":"max-image-preview:large","max-video-preview":"max-video-preview:-1"},"canonical":"https:\/\/ministeredelapaix.click\/index.php\/sample-page\/","og_locale":"fr_FR","og_type":"article","og_title":"Pourquoi ce site ? - Le minist\u00e8re de la paix","og_description":"L&rsquo;humanit\u00e9 se tient devant un pr\u00e9cipice. Nous n&rsquo;avons aucune id\u00e9e de ce que nous allons devenir. \u00c9cologiquement, l&rsquo;incertitude grandit parce [&hellip;]","og_url":"https:\/\/ministeredelapaix.click\/index.php\/sample-page\/","og_site_name":"Le minist\u00e8re de la paix","article_modified_time":"2023-04-24T11:29:41+00:00","twitter_card":"summary_large_image","twitter_misc":{"Dur\u00e9e de lecture estim\u00e9e":"1 minute"},"schema":{"@context":"https:\/\/schema.org","@graph":[{"@type":"WebPage","@id":"https:\/\/ministeredelapaix.click\/index.php\/sample-page\/","url":"https:\/\/ministeredelapaix.click\/index.php\/sample-page\/","name":"Pourquoi ce site ? - Le minist\u00e8re de la paix","isPartOf":{"@id":"https:\/\/ministeredelapaix.click\/#website"},"datePublished":"2022-06-13T15:16:38+00:00","dateModified":"2023-04-24T11:29:41+00:00","breadcrumb":{"@id":"https:\/\/ministeredelapaix.click\/index.php\/sample-page\/#breadcrumb"},"inLanguage":"fr-FR","potentialAction":[{"@type":"ReadAction","target":["https:\/\/ministeredelapaix.click\/index.php\/sample-page\/"]}]},{"@type":"BreadcrumbList","@id":"https:\/\/ministeredelapaix.click\/index.php\/sample-page\/#breadcrumb","itemListElement":[{"@type":"ListItem","position":1,"name":"Accueil","item":"https:\/\/ministeredelapaix.click\/"},{"@type":"ListItem","position":2,"name":"Pourquoi ce site ?"}]},{"@type":"WebSite","@id":"https:\/\/ministeredelapaix.click\/#website","url":"https:\/\/ministeredelapaix.click\/","name":"Le minist\u00e8re de la paix","description":"La libert\u00e9 d&#039;expression s&#039;arr\u00eate \u00e0 celle qu&#039;on ne permet pas","potentialAction":[{"@type":"SearchAction","target":{"@type":"EntryPoint","urlTemplate":"https:\/\/ministeredelapaix.click\/?s={search_term_string}"},"query-input":{"@type":"PropertyValueSpecification","valueRequired":true,"valueName":"search_term_string"}}],"inLanguage":"fr-FR"}]}},"_links":{"self":[{"href":"https:\/\/ministeredelapaix.click\/index.php\/wp-json\/wp\/v2\/pages\/2","targetHints":{"allow":["GET"]}}],"collection":[{"href":"https:\/\/ministeredelapaix.click\/index.php\/wp-json\/wp\/v2\/pages"}],"about":[{"href":"https:\/\/ministeredelapaix.click\/index.php\/wp-json\/wp\/v2\/types\/page"}],"author":[{"embeddable":true,"href":"https:\/\/ministeredelapaix.click\/index.php\/wp-json\/wp\/v2\/users\/1"}],"replies":[{"embeddable":true,"href":"https:\/\/ministeredelapaix.click\/index.php\/wp-json\/wp\/v2\/comments?post=2"}],"version-history":[{"count":2,"href":"https:\/\/ministeredelapaix.click\/index.php\/wp-json\/wp\/v2\/pages\/2\/revisions"}],"predecessor-version":[{"id":32,"href":"https:\/\/ministeredelapaix.click\/index.php\/wp-json\/wp\/v2\/pages\/2\/revisions\/32"}],"wp:attachment":[{"href":"https:\/\/ministeredelapaix.click\/index.php\/wp-json\/wp\/v2\/media?parent=2"}],"curies":[{"name":"wp","href":"https:\/\/api.w.org\/{rel}","templated":true}]}}